-22)?
80
What is the value of (-94 + (147 - 66) - (0 + 4)) + 82?
65
What is the value of -24 - -4 - (-16 - -3)?
-7
What is 10 - (-39 - (28 + -116))?
-39
Calculate 113 + 9 + (1 - -6) + -9 + (-7 - 2).
111
What is the value of 24 + -1 + -13 + (21 - -12) + -28?
15
What is the value of -68 - (-7 + (-28 - -13) + 13)?
-59
Evaluate -1 - 21 - (-275 - -222).
31
What is 19 + -2 - (-97 - (36 - 85) - -58)?
7
What is the value of -33 + -37 + 35 - -23?
-12
What is the value of (-3 - 13) + -17 + (-10 - -46) + -12 - 25?
-34
Calculate -14 - (-46 + (16 - 3)).
19
What is -26 + (-62 - -48) + 4 + -8 + 4?
-40
Evaluate 19 - (19 + -1 + (34 - 46)) - -103.
116
What is the value of -16 - (-1 - 7) - ((8 - 40) + 1)?
23
Calculate (-2 - 106 - -2) + -16 + -4 + 12 + 20.
-94
Calculate (-2 - -15) + -3 + (3723 - 3733).
0
What is 332 - 347 - (-1 + 0 + 0 - (-63 - -74))?
-3
What is 0 + -2 + 22 + 53 + -84?
-11
Calculate 7 - (0 + -14 + (37 - 47) + 26).
5
What is the value of 10 + 17 - (222 + -191)?
-4
What is -14 + 1 + (6 - -5) + 54 - -5?
57
Calculate 19 + (4 - (1 + -1)) - (194 - 193).
22
What is 12 + (-83 - -71) + (-1 - 9)?
-10
Evaluate -20 + (1 + 7 - (36 - 25)).
-23
What is -8 - -26 - (92 - 154) - -11?
91
What is the value of 1 + (-2 - -3) + 1 - (43 + (-19 - 18))?
-3
-21 + 1 + (4 + 59 - 77) - (-9 + 0)
-25
Evaluate -18 + (7 - 2) + 416 + -394.
9
-18 + (15 - 12) + -17 + 2 + (5 - 8)
-33
What is -1 - (-16 + -23 - -25)?
13
What is 98 - (-44 - -100) - 49?
-7
What is 15 - ((-24 + (-6 - -15) - 2) + 130)?
-98
What is the value of -27 + 37 - -20 - 46?
-16
What is the value of (-10 + 3 + 1 - -11 - 6) + -46 + 2?
-45
Evaluate -54 + (153 - (62 - 33)).
70
What is the value of (23 - 1 - -1) + (37 - 50) + -13?
-3
Calculate (20 - -1) + (-4 - (-6 + 0 - 6)).
29
What is 17 + 0 + (1 - 3) + 12 + -128?
-101
What is -36 + (-7 - -5) - (-86 - -105) - (13 + -1)?
-69
What is -68 + (-97 - (-60 + -5))?
-100
What is the value of -10 - (151 + -130 + -5 + (-14 - -1))?
-13
What is -86 + 195 + -176 - (-27 + 1)?
-41
What is the value of (439 - 459) + (155 - 3)?
132
-14 + 1 + 8 + -34 + -111 + 2 + 3
-145
Calculate -19 - (-17 + 78 + 0 + 24).
-104
Calculate (-8 - -9) + -13 + 0 - (-50 - -40 - 7).
5
Calculate (-14 + 10 - (3 - 8)) + 0 + -5 + -42.
-46
What is 56 + -156 + 49 - -18?
-33
What is the value of 1 + (12 - 6) + (5 - (15 - 11)) + 39?
47
Evaluate (23 - 14) + -4 + 7 + -4 + -3 + 22.
27
What is the value of 72 - (-55 - (-130 + 53))?
50
Calculate 0 - (29 - 2) - (3147 - 3113).
-61
What is -61 + (32 - (-93 + 72))?
-8
11 - 2 - -7 - (-3 + (35 - 21))
5
Calculate -7 - (16 - 33) - 22 - 10.
-22
What is 7 + -5 + -56 - (-17 + (3 - -1))?
-41
Calculate (-9 - 13) + -270 + 244.
-48
Calculate (-205 - -86) + 30 - -26.
-63
What is the value of -533 + 583 - (3 - -31)?
16
Evaluate 3 + -22 - (-20 - (-11 + -17)).
-27
Calculate 40 + -47 + 30 + -45.
-22
What is the value of 3 + 17 - (-28 + -45 - -45)?
48
Evaluate -37 + (14 + -47 - -37) + (-15 - 2).
-50
What is -57 - -64 - -88 - (1 + 1 + -15)?
108
What is the value of 31 + ((1 - -2 - 12 - -18) + -11 - -5)?
34
What is the value of 13 - (3 - 0) - (-20 - (20 + -51) - 18)?
17
What is the value of (11 + 3 - (23 + 10 - 18)) + -2?
-3
Calculate (8 + -29 - -38) + -15 + -49.
-47
Evaluate (-158 + 12 - -294) + -102.
46
(19 - 33 - -19) + -13 + 126 + -15
103
-10 - (25 + (-18 - (-42 + 18)))
-41
Calculate 2 - (1 + (-7 + -5 - (8 + (-15 - -4)))).
10
What is 25 + (51 + -112 - -49)?
13
What is (3 - 15) + 19 + 0 + (4 - (4 + 50))?
-43
What is -1 + 5 + -74 + 11 + 21?
-38
What is -132 + 96 + 41 - (0 - 2 - -1 - 8)?
14
Evaluate 6 + -28 - (86 - 43 - 25).
-40
-1 - -31 - (-67 - (28 + -81)) - (-1 - 5)
50
What is 32 + 1 - ((-25 - (-45 + 19)) + -13)?
45
What is 95 + 12 + -3 + -22 + 15?
97
What is 2 - 25 - ((42 - 22) + 72 + -13)?
-102
Evaluate 4 + 3 - 0 - (-65 - (-19 - 1)).
52
Evaluate (33 - (50 + -28)) + -123.
-112
Calculate 15 - (-27 - (-13 + 3) - -5) - (-1 + 5).
23
Evaluate 11 - (-42 + 104 + (16 - -12)).
-79
-6 + (-902 + 911 - (6 - (2 + 1) - -9))
-9
What is the value of 26 + 17 - (8 - (-5 - -2) - -7)?
25
What is 0 + -11 - (-70 - (15 + -39 + -27))?
8
What is the value of -19 + 23 + (-1 - (8 - -4))?
-9
What is the value of (2804 - 2754) + 0 + -68?
-18
What is (85 + -82 - ((-2 - -2) + 8)) + 6 + -70?
-69
31 + -77 + 33 + -18
-31
Evaluate -37 - (-36 + 10 + 62 + -31).
-42
8 + 0 + (-12 + -14 + -1 - (-111 + -3))
95
(2 - 1 - -14) + (-22 - -14)
7
(-8 - 35 - -2) + 5 + (44 - 36)
-28
Evaluate 65 + (-39 - -30 - -31) + 5.
92
What is -32 + (75 - 90) + (26 - 3)?
-24
-139 + (-35 - -131) - -14
-29
Calculate 225 + -232 - (-5 + 5) - (30 + -4).
-33
Calculate 44 + -4 - 39 - -18.
19
What is the value of 169 + -183 - (5 + 0 + (-13 - -29))?
-35
2 - 1 - (21 + (7 - (10 - -20)))
3
Evaluate 3 + -27 + -23 + 111.
64
What is the value of (15 - -7) + -4 + (-33 - -7)?
-8
Evaluate (1 + 12 - 14 - 30) + 17 + -30.
-44
Calculate 13 + 18 - (0 + 11).
20
What is -12 + -7 + 22 + (34 - -1) - -1?
39
Calculate (1 - 18) + 37 + (100 - (-10 - -20)).
110
(-5 - (-3 - -1)) + (-22 - ((-131 - -26) + 15))
65
16 - (64 + (-24 - 20))
-4
Evaluate -14 - ((6 - (81 + -17)) + -3) - -2.
49
4 + (1 - -17) + 116 + -130 - (138 + -3)
-127
Calculate (-48 - 8) + (4 - -7) + -5 + 0.
-50
Calculate 1 + 63 - (-3 + 36 + (441 - 482)).
72
What is -6 + 21 + -17 + -19 - 18?
-39
What is the value of 3 + 36 + (-5 - 34)?
0
Calculate 14 - ((4 - (2 + -2)) + 40 + (-66 - -24)).
12
What is the value of -306 + 308 + (0 - -29) + 1 + (26 - 27)?
31
Evaluate (5 - 26) + 2 + (-10 - (24 - 22)).
-31
What is 38 - (84 + -110 - -70)?
-6
Evaluate (-6 - -36) + 12 + -12 + -2.
28
-25 - (-9 + 2) - -9 - (17 - 19)
-7
-28 + 5 + (73 - 57 - -23)
16
Evaluate -29 + (28 + -9 - 21 - -8).
-23
Evaluate (-16 - 1) + (-93 - -152) - -23.
65
What is 22 - (-14 + 27) - (-18 + 56)?
-29
What is 11 + -1 + (-5 + 3 + -37 - (-17 + 11))?
-23
Evaluate -209 + 199 - (10 + (0 - -4)) - (1 - 0).
-25
(-11 - -19) + 5 - (5 - (-22 - -9))
-5
What is 22 + (25 - 84) + 55 + (-137 - 0)?
-119
What is -15 + 13 + (14 - (-26 - 12))?
50
Calculate -154 - -1 - (24814 + -24988).
21
Evaluate (0 - -12) + (-10 - (17 + -4)) - 58 - 7.
-76
What is the value of (-6 - 120) + -95 + 54 + 59?
-108
What is 13 + -34 - -21 - (12 - 1) - -26?
15
What is 0 + 28 + 6 - (11 - (43 + -23))?
43
What is 6 - 68 - (-326 - -290)?
-26
Calculate 1 + 59 - (31 + 4 - (-1976 - -2015)).
64
What is 16 + (-83 - -41) + -12 + 10?
-28
What is (-48 - -57) + 22 - -4?
35
157 + -24 - (8 + (-7 - (-10 - -5 - -11)))
138
Evaluate -214 + 155 + -95 - -88.
-66
Evaluate 28 + -80 + (-2 - -3) + (65 - 55).
-41
What is the value of 21 - (13 + 1 + -23 + -18)?
48
What is 53 + 5 + (3 - (20 + 2))?
39
Evaluate 23 + -33 + -15 + 23.
-2
(1973 - 1948) + (2 - (1 - 2) - 0)
28
What is the value of 92 - 10 - 12 - (51 + -23)?
42
What is the value of 11 + (-6 - (-19 - (-3 - 5)) - -3)?
19
Calculate 17 - ((-18 + 7 - 3) + 83).
-52
What is -1295 + 1336 - ((-2 - 1) + -8)?
52
What is the value of (-146 - -137 - 26) + -21?
-56
Calculate 186 + -165 + -99 + -54.
-132
(-79 - -175) + -133 + 154
117
What is -3 - 47 - (-48 + -9 + 56)?
-49
Calculate (37 + -19 - 18 - 16) + -13.
-29
What is the value of -45 + (25 + 24 - -6)?
10
-27 + 32 - (-49 - (-16 - -9))
47
What is 9 + 1 + 1 + 1 - (-95 + 94)?
13
Calculate -5 + -75 + 82 + (-9 + 5 - (8 - 0)).
-10
What is the value of 131 + -144 + (45 + -1 - (19 + -25))?
37
Evaluate -43 + -29 + (0 - -22).
-50
What is 12 + -3 - 28 - (-15 + 13)?
-17
What is -36 - -27 - -2 - (-201 - -50)?
144
What is (-11 - (62 - -18)) + 84?
-7
What is the value of 1957 - 1899 - (73 + -6)?
-9
What is the value of -2 - 9 - ((626 - 603) + (-3 - -12) + 0)?
-43
Evaluate -8 - -7 - (-2 + (-9 - -5) - -10) - -4.
-1
Evaluate (15 - ((2 - 1) + 7)) + -307 + 251.
-49
Evaluate 1 + -1 + (91 + -29 - 72 - (-18 - -2)).
6
(-1 + -18 - (5 + 0 - 2)) + 161 + -151
-12
(-21 - 9) + -4 + 16 - -6 - 63 - 7
-82
What is -1 + (9 - (27 + -27)) - (56 + -1)?
-47
(-36 - (-12 + (-5 - 9)) - (-1 + -8)) + -52
-53
Calculate (-4 + 5 - (23 + -14)) + 6 + 22 + 80.
100
Evaluate 0 + -11 - (-178 + -293 + 358).
102
(0 - -2 - -1) + (-3540 - -3646) + 23
132
What is 2 + 2 + -2 - (4 + -95 + 47 - 5)?
51
What is 3 + 1 + -18 - (-9 - (1 - 7)) - -26?
15
What is 3 + (23 - (16 + -17 + -1))?
28
Calculate 95 - (98 + 0) - ((2 - 11) + -1).
7
What is -35 - -35 - (57 + -53 + 2 + (8 - 2))?
-12
Calculate 1 - 47 -